{"id":318,"date":"2020-12-22T00:49:48","date_gmt":"2020-12-21T23:49:48","guid":{"rendered":"https:\/\/gk-conseil.fr\/?page_id=318"},"modified":"2025-05-15T17:00:04","modified_gmt":"2025-05-15T15:00:04","slug":"levaluation-laudit","status":"publish","type":"page","link":"https:\/\/www.gk-conseil.fr\/?page_id=318","title":{"rendered":"Evaluation HAS de la qualit\u00e9 des ESSMS"},"content":{"rendered":"\n<p><strong>GK CONSEIL AUDIT dispose de l&rsquo;Accr\u00e9ditation Cofrac Inspection n\u00b03-2382, port\u00e9e disponible sous <\/strong><a href=\"https:\/\/tools.cofrac.fr\/annexes\/sect3\/3-2382.pdf\" target=\"_blank\" rel=\"noreferrer noopener\"><strong>www.cofrac.fr<\/strong><\/a><\/p>\n\n\n\n<div class=\"wp-block-image\"><figure class=\"aligncenter size-large is-resized\"><a href=\"https:\/\/tools.cofrac.fr\/annexes\/sect3\/3-2382.pdf\" target=\"_blank\" rel=\"noopener\"><img loading=\"lazy\" src=\"https:\/\/www.gk-conseil.fr\/wp-content\/uploads\/2025\/05\/Inspection_RVB-615x1024.jpg\" alt=\"\" class=\"wp-image-7998\" width=\"108\" height=\"180\" srcset=\"https:\/\/www.gk-conseil.fr\/wp-content\/uploads\/2025\/05\/Inspection_RVB-615x1024.jpg 615w, https:\/\/www.gk-conseil.fr\/wp-content\/uploads\/2025\/05\/Inspection_RVB-180x300.jpg 180w, https:\/\/www.gk-conseil.fr\/wp-content\/uploads\/2025\/05\/Inspection_RVB-768x1279.jpg 768w, https:\/\/www.gk-conseil.fr\/wp-content\/uploads\/2025\/05\/Inspection_RVB-922x1536.jpg 922w, https:\/\/www.gk-conseil.fr\/wp-content\/uploads\/2025\/05\/Inspection_RVB-1229x2048.jpg 1229w, https:\/\/www.gk-conseil.fr\/wp-content\/uploads\/2025\/05\/Inspection_RVB-36x60.jpg 36w, https:\/\/www.gk-conseil.fr\/wp-content\/uploads\/2025\/05\/Inspection_RVB.jpg 1440w\" sizes=\"(max-width: 108px) 100vw, 108px\" \/><\/a><\/figure><\/div>\n\n\n\n<p>L\u2019\u00e9valuation se d\u00e9roule selon les modalit\u00e9s ci-dessous d\u00e9crites et conform\u00e9ment au dispositif d\u2019\u00e9valuation des ESSMS initi\u00e9 par la <a href=\"https:\/\/www.legifrance.gouv.fr\/loda\/id\/JORFTEXT000038821260\/\" target=\"_blank\" rel=\"noreferrer noopener\">loi n\u00b0 774-2019 du 24 juillet 2019<\/a> puis par le d\u00e9cret <a href=\"https:\/\/www.legifrance.gouv.fr\/download\/pdf?id=cOdN1i2AI7uKqTG6sMXeUmKZqPhpr0kt9lf9IwDJ3ek=\" target=\"_blank\" rel=\"noreferrer noopener\">n\u00b02022-695 du 28 avril 2022<\/a> qui s\u2019applique par \u00e9tablissement ou service <em>(1 num\u00e9ro de Finess = 1 rapport d\u2019\u00e9valuation).<\/em><em><u><\/u><\/em><\/p>\n\n\n\n<p>Le r\u00e9f\u00e9rentiel HAS comprend&nbsp;:<\/p>\n\n\n\n<ul><li>Un r\u00e9f\u00e9rentiel national <em>(157 crit\u00e8res)<\/em> adapt\u00e9 \u00e0 chaque type d\u2019accompagnement<\/li><li>3 m\u00e9thodes d\u2019\u00e9valuations communes \u00e0 tous les ESSMS<\/li><li>2 niveaux d\u2019exigences&nbsp;:<\/li><li>139 crit\u00e8res standards,<\/li><li>18 crit\u00e8res imp\u00e9ratifs dont la non-conformit\u00e9 n\u00e9cessitera un plan d\u2019action imm\u00e9diat.<\/li><\/ul>\n\n\n\n<p>Par ailleurs, le r\u00e9f\u00e9rentiel est bas\u00e9 sur&nbsp;trois enjeux qui visent \u00e0 :<\/p>\n\n\n\n<ul><li>Permettre \u00e0 la personne d&rsquo;\u00eatre actrice de son parcours,<\/li><li>Renforcer la dynamique qualit\u00e9 au sein des \u00e9tablissements et services,<\/li><li>Promouvoir une d\u00e9marche porteuse de sens pour les ESSMS et leurs professionnels.<\/li><\/ul>\n\n\n\n<p>Quatre valeurs fondamentales port\u00e9es par le r\u00e9f\u00e9rentiel&nbsp;HAS :<\/p>\n\n\n\n<ul><li>Le pouvoir d&rsquo;agir de la personne,<\/li><li>Le respect des droits fondamentaux,<\/li><li>L\u2019approche inclusive des accompagnements,<\/li><li>La r\u00e9flexion \u00e9thique des professionnels.<\/li><\/ul>\n\n\n\n<p>L\u2019HAS souhaite aussi mettre l\u2019accent sur des m\u00e9thodes d\u2019\u00e9valuations proches du terrain avec pour chaque crit\u00e8re \u00e9valu\u00e9 3 m\u00e9thodes d\u2019\u00e9valuations retenues :<\/p>\n\n\n\n<ul><li>L\u2019accompagn\u00e9 traceur <em>(chapitre 1)&nbsp;<\/em><\/li><li>Le traceur cibl\u00e9 <em>(chapitre 2)<\/em>&nbsp;<\/li><li>L\u2019audit syst\u00e8me <em>(chapitre 3)<\/em><\/li><\/ul>\n\n\n\n<figure class=\"wp-block-image\"><img src=\"\" alt=\"\"\/><\/figure>\n\n\n\n<p><strong>Selon le calendrier suivant&nbsp;:<\/strong><\/p>\n\n\n\n<figure class=\"wp-block-image size-large\"><img loading=\"lazy\" width=\"1024\" height=\"470\" src=\"https:\/\/www.gk-conseil.fr\/wp-content\/uploads\/2025\/05\/image-1024x470.png\" alt=\"\" class=\"wp-image-7996\" srcset=\"https:\/\/www.gk-conseil.fr\/wp-content\/uploads\/2025\/05\/image-1024x470.png 1024w, https:\/\/www.gk-conseil.fr\/wp-content\/uploads\/2025\/05\/image-300x138.png 300w, https:\/\/www.gk-conseil.fr\/wp-content\/uploads\/2025\/05\/image-768x352.png 768w, https:\/\/www.gk-conseil.fr\/wp-content\/uploads\/2025\/05\/image-131x60.png 131w, https:\/\/www.gk-conseil.fr\/wp-content\/uploads\/2025\/05\/image.png 1210w\" sizes=\"(max-width: 1024px) 100vw, 1024px\" \/><\/figure>\n\n\n\n<p><strong>Les diff\u00e9rentes phases&nbsp;de la mission&nbsp;:<\/strong><\/p>\n\n\n\n<ul><li>La r\u00e9union de cadrage r\u00e9alis\u00e9e plusieurs mois en amont de la visite sur site<\/li><li>L\u2019analyse documentaire<\/li><li>La visite sur site (minimum 2 jours sur site)<\/li><li>La transmission du pr\u00e9-rapport<\/li><li>Les observations de l\u2019ESSMS<\/li><li>La transmission du rapport final<\/li><\/ul>\n","protected":false},"excerpt":{"rendered":"<p>GK CONSEIL AUDIT dispose de l&rsquo;Accr\u00e9ditation Cofrac Inspection n\u00b03-2382, port\u00e9e disponible sous www.cofrac.fr L\u2019\u00e9valuation se d\u00e9roule selon les modalit\u00e9s ci-dessous d\u00e9crites et conform\u00e9ment au dispositif d\u2019\u00e9valuation des ESSMS initi\u00e9 par la loi n\u00b0 774-2019 du 24 juillet 2019 puis par le d\u00e9cret n\u00b02022-695 du 28 avril 2022 qui s\u2019applique par \u00e9tablissement ou service (1 num\u00e9ro &hellip; <\/p>\n","protected":false},"author":1,"featured_media":0,"parent":0,"menu_order":0,"comment_status":"closed","ping_status":"closed","template":"","meta":[],"_links":{"self":[{"href":"https:\/\/www.gk-conseil.fr\/index.php?rest_route=\/wp\/v2\/pages\/318"}],"collection":[{"href":"https:\/\/www.gk-conseil.fr\/index.php?rest_route=\/wp\/v2\/pages"}],"about":[{"href":"https:\/\/www.gk-conseil.fr\/index.php?rest_route=\/wp\/v2\/types\/page"}],"author":[{"embeddable":true,"href":"https:\/\/www.gk-conseil.fr\/index.php?rest_route=\/wp\/v2\/users\/1"}],"replies":[{"embeddable":true,"href":"https:\/\/www.gk-conseil.fr\/index.php?rest_route=%2Fwp%2Fv2%2Fcomments&post=318"}],"version-history":[{"count":11,"href":"https:\/\/www.gk-conseil.fr\/index.php?rest_route=\/wp\/v2\/pages\/318\/revisions"}],"predecessor-version":[{"id":8018,"href":"https:\/\/www.gk-conseil.fr\/index.php?rest_route=\/wp\/v2\/pages\/318\/revisions\/8018"}],"wp:attachment":[{"href":"https:\/\/www.gk-conseil.fr\/index.php?rest_route=%2Fwp%2Fv2%2Fmedia&parent=318"}],"curies":[{"name":"wp","href":"https:\/\/api.w.org\/{rel}","templated":true}]}}