{"id":442,"date":"2020-12-31T11:15:55","date_gmt":"2020-12-31T10:15:55","guid":{"rendered":"https:\/\/www.gk-conseil.fr\/?page_id=442"},"modified":"2021-03-22T15:09:29","modified_gmt":"2021-03-22T14:09:29","slug":"controle-de-gestion","status":"publish","type":"page","link":"https:\/\/www.gk-conseil.fr\/?page_id=442","title":{"rendered":"Contr\u00f4le de gestion"},"content":{"rendered":"\n<p style=\"font-size:15px\">Notre \u00e9quipe de consultants sp\u00e9cialis\u00e9s vous accompagnera sur les diff\u00e9rents volets du contr\u00f4le de gestion au sein de vos \u00e9tablissements et services.<\/p>\n\n\n\n<p style=\"font-size:15px\">Suivi budg\u00e9taire des d\u00e9penses aff\u00e9rentes au personnel<\/p>\n\n\n\n<ul><li> Mener les \u00e9tapes du processus budg\u00e9taire aupr\u00e8s de tous les \u00e9tablissements et services :<ol><li>Accompagnement dans la constitution et la validation des tableaux d\u2019effectifs pr\u00e9visionnels.<\/li><li> Projection des masses salariales pour chaque \u00e9tablissement et service.<\/li><li> Constitution des cadres normalis\u00e9s \u00e0 destination des financeurs<\/li><\/ol><\/li><\/ul>\n\n\n\n<ul><li> Assurer le suivi budg\u00e9taire<ol><li>Analyser les d\u00e9penses de personnel<\/li><li>Produire les cadres normalis\u00e9s \u00e0 destination des financeurs<\/li><\/ol><\/li><\/ul>\n\n\n\n<ul><li> Assurer le suivi social<ol><li>Tableaux de bords : BDES, taux d\u2019absent\u00e9isme, etc.<\/li><\/ol><\/li><\/ul>\n\n\n\n<ul><li>Mesure et suivi de l\u2019activit\u00e9 des ESMS<ol><li>Harmonisation des r\u00e8gles de saisie de l\u2019activit\u00e9 et l\u2019accompagnement en lien directe avec les outils pr\u00e9existants : DUI<\/li><li>Cr\u00e9ation des API pour r\u00e9cup\u00e9rer tous types de donn\u00e9es depuis les logiciels d\u2019accompagnement de l\u2019usager<\/li><li>Suivi de l\u2019activit\u00e9 et mise \u00e0 disposition des tableaux de bord et de reporting<\/li><li>Constitution des cadres normalis\u00e9s \u00e0 destination des financeurs sur l\u2019activit\u00e9 r\u00e9elle et pr\u00e9visionnelle des \u00e9tablissements et services<\/li><\/ol><\/li><\/ul>\n\n\n\n<ul><li>Gestion du reporting analytique<ol><li>Mettre \u00e0 disposition des tableaux de bord de suivi budg\u00e9taire \u00e0 destination des directions d\u2019\u00e9tablissements et de services.<\/li><\/ol><\/li><\/ul>\n","protected":false},"excerpt":{"rendered":"<p>Notre \u00e9quipe de consultants sp\u00e9cialis\u00e9s vous accompagnera sur les diff\u00e9rents volets du contr\u00f4le de gestion au sein de vos \u00e9tablissements et services. Suivi budg\u00e9taire des d\u00e9penses aff\u00e9rentes au personnel Mener les \u00e9tapes du processus budg\u00e9taire aupr\u00e8s de tous les \u00e9tablissements et services : Accompagnement dans la constitution et la validation des tableaux d\u2019effectifs pr\u00e9visionnels. Projection &hellip; <\/p>\n","protected":false},"author":1,"featured_media":0,"parent":0,"menu_order":0,"comment_status":"closed","ping_status":"closed","template":"","meta":[],"_links":{"self":[{"href":"https:\/\/www.gk-conseil.fr\/index.php?rest_route=\/wp\/v2\/pages\/442"}],"collection":[{"href":"https:\/\/www.gk-conseil.fr\/index.php?rest_route=\/wp\/v2\/pages"}],"about":[{"href":"https:\/\/www.gk-conseil.fr\/index.php?rest_route=\/wp\/v2\/types\/page"}],"author":[{"embeddable":true,"href":"https:\/\/www.gk-conseil.fr\/index.php?rest_route=\/wp\/v2\/users\/1"}],"replies":[{"embeddable":true,"href":"https:\/\/www.gk-conseil.fr\/index.php?rest_route=%2Fwp%2Fv2%2Fcomments&post=442"}],"version-history":[{"count":5,"href":"https:\/\/www.gk-conseil.fr\/index.php?rest_route=\/wp\/v2\/pages\/442\/revisions"}],"predecessor-version":[{"id":1183,"href":"https:\/\/www.gk-conseil.fr\/index.php?rest_route=\/wp\/v2\/pages\/442\/revisions\/1183"}],"wp:attachment":[{"href":"https:\/\/www.gk-conseil.fr\/index.php?rest_route=%2Fwp%2Fv2%2Fmedia&parent=442"}],"curies":[{"name":"wp","href":"https:\/\/api.w.org\/{rel}","templated":true}]}}